{"id":4,"date":"2019-05-02T15:32:23","date_gmt":"2019-05-02T15:32:23","guid":{"rendered":"http:\/\/naturheilpraxis-eisele.de\/?page_id=4"},"modified":"2019-05-02T15:32:23","modified_gmt":"2019-05-02T15:32:23","slug":"blutlabor","status":"publish","type":"page","link":"https:\/\/naturheilpraxis-eisele.de\/?page_id=4","title":{"rendered":"Blutlabor"},"content":{"rendered":"\n<p>Vor jeder Therapie muss eine Diagnose erstellt werden, und Laboruntersuchungen als wesentlicher Bestandteil der Diagnostik m\u00fcssen sein. Sie sind seit langem als Standard auch in der schulmedizinischen Praxis etabliert. Durch die Labordiagnostik werden Verdachtsmomente best\u00e4tigt oder auch nicht, die Labordiagnostik gibt Sicherheit und Klarheit. Es geht auch in der biologischen Praxis kein Weg daran vorbei. Die Labordiagnostik ist ein wesentlicher Eckpfeiler der Diagnostik.  <\/p>\n\n\n\n<p>Die \u00fcblichen Laborparameter sind Momentaufnahmen, die den Zustand des Organismus gerade in der Phase widerspiegeln, in der die Blutprobe entnommen wurde. Somit kann der erstreckte Laborwert nur eine Momentaufnahme sein, die nichts \u00fcber die Zeit &#8222;davor oder danach&#8220; aussagen kann (z.B. Hormone, Blutzucker, &#8230;). <\/p>\n\n\n\n<h4 class=\"wp-block-heading\" id=\"mce_2\"> <br>Standardbedingungen zur Blutentnahme <\/h4>\n\n\n\n<ul><li>zeitlich zwischen 7 und 9 Uhr     <\/li><li>in der Regel n\u00fcchtern (Nahrungskarenz 12-14 Stunden, Alkoholkarenz 24 Stunden)     <\/li><li>keine ersch\u00f6penden k\u00f6rperlichen Aktivit\u00e4ten in den letzten 3 Tagen     <\/li><li>vor Blutentnahme mind. 5 Min. ruhen     <\/li><li>keine k\u00fcrzlichen Alkohol-Exzesse     <\/li><li>\u00f6ffnen und schlie\u00dfen der Faust vermeiden (Pumpen mit der Faust f\u00fchrt zu betr\u00e4chtlichem Kaliumanstieg) <\/li><\/ul>\n","protected":false},"excerpt":{"rendered":"<div class=\"slide-text-bg2\"><span>Vor jeder Therapie muss eine Diagnose erstellt werden, und Laboruntersuchungen als wesentlicher Bestandteil der Diagnostik m\u00fcssen sein. Sie sind seit lang<\/span><\/div>\n<div class=\"slide-btn-area-sm\"><a href=\"https:\/\/naturheilpraxis-eisele.de\/?page_id=4\" class=\"slide-btn-sm\">weiterlesen<\/a><\/div>\n","protected":false},"author":1,"featured_media":0,"parent":0,"menu_order":0,"comment_status":"closed","ping_status":"closed","template":"","meta":[],"_links":{"self":[{"href":"https:\/\/naturheilpraxis-eisele.de\/index.php?rest_route=\/wp\/v2\/pages\/4"}],"collection":[{"href":"https:\/\/naturheilpraxis-eisele.de\/index.php?rest_route=\/wp\/v2\/pages"}],"about":[{"href":"https:\/\/naturheilpraxis-eisele.de\/index.php?rest_route=\/wp\/v2\/types\/page"}],"author":[{"embeddable":true,"href":"https:\/\/naturheilpraxis-eisele.de\/index.php?rest_route=\/wp\/v2\/users\/1"}],"replies":[{"embeddable":true,"href":"https:\/\/naturheilpraxis-eisele.de\/index.php?rest_route=%2Fwp%2Fv2%2Fcomments&post=4"}],"version-history":[{"count":3,"href":"https:\/\/naturheilpraxis-eisele.de\/index.php?rest_route=\/wp\/v2\/pages\/4\/revisions"}],"predecessor-version":[{"id":7,"href":"https:\/\/naturheilpraxis-eisele.de\/index.php?rest_route=\/wp\/v2\/pages\/4\/revisions\/7"}],"wp:attachment":[{"href":"https:\/\/naturheilpraxis-eisele.de\/index.php?rest_route=%2Fwp%2Fv2%2Fmedia&parent=4"}],"curies":[{"name":"wp","href":"https:\/\/api.w.org\/{rel}","templated":true}]}}